7*l + 5. What is u(7)?
-44
Let k(q) = -4*q + 107. Determine k(25).
7
Let d(l) = l**2 + 2*l - 10. Give d(3).
5
Let u(p) = -p**2 + 26*p - 50. What is u(24)?
-2
Let u(m) = 3*m + 20. What is u(-8)?
-4
Let u(y) = -2*y**2 + 33*y + 19. Give u(17).
2
Let t(s) = -s**3 + 14*s**2 + 13*s + 2. Give t(15).
-28
Let t(o) = -3*o - 96. Determine t(-34).
6
Let z(w) = w**2 - 3*w - 28. Determine z(0).
-28
Let b(y) = -y**2 + 5. Calculate b(4).
-11
Let t(l) = 26*l - 260. Calculate t(10).
0
Let k(m) = -m**3 + 3*m**2 - 6*m + 7. What is k(3)?
-11
Let y(h) = -h**3 - 5*h**2 - 2*h + 2. Determine y(-4).
-6
Let a(j) = 2*j**2 + 2*j - 5. Give a(-2).
-1
Let b(c) = c**3 + 5*c**2 - 17*c + 5. What is b(-6)?
71
Let d(c) = -10*c - 20. Calculate d(-2).
0
Let z(p) = p**3 - 12*p**2 + 3*p - 26. Calculate z(12).
10
Let g(z) = -14*z - 1. Calculate g(-3).
41
Let z(u) = -2*u**3 + 4*u**2 - 3*u + 2. Give z(2).
-4
Let y(h) = -4*h + 7. Calculate y(4).
-9
Let m(v) = -v - 1. Calculate m(-5).
4
Let p(q) = q**3 - 11*q**2 - 2. Determine p(11).
-2
Let h(j) = j**2 - 5*j - 8. Determine h(6).
-2
Let i(t) = t**3 + 8*t**2 - 5*t + 2. Determine i(-7).
86
Let h(g) = -g**2 - 8*g - 12. What is h(-5)?
3
Let a(z) = -z**3 + 11*z**2 + 11*z - 7. What is a(12)?
-19
Let j(k) = -k**3 + 2*k**2 + 5*k - 13. Determine j(-5).
137
Let a(f) = f - 14. Give a(18).
4
Let c(b) = -b**3 + 10*b**2 + 12*b - 14. What is c(11)?
-3
Let l(q) = -130*q - 6. Determine l(1).
-136
Let r(u) = 7*u - 18. What is r(4)?
10
Let n(x) = -8*x + 112. Give n(14).
0
Let i(g) = -g**3 - 9*g**2 - 2*g - 11. Calculate i(-9).
7
Let p(f) = -7*f + 78. What is p(13)?
-13
Let s(j) = 2*j**3 - 6*j**2 - 28*j + 80. Determine s(4).
0
Let m(y) = -y + 24. What is m(24)?
0
Let x(g) = g**3 - 5*g**2 - 5*g - 3. What is x(5)?
-28
Let v(p) = p**3 - 4. Give v(2).
4
Let s(b) = 3*b + 5. Give s(-5).
-10
Let f(p) = -p**3 + 5*p**2 + 7*p + 5. Give f(6).
11
Let t(s) = -2*s**2 - 29*s + 14. Give t(-15).
-1
Let a(v) = 2*v**3 + 4*v**2 + v - 7. Determine a(-3).
-28
Let n(g) = 2*g**2 + 30*g + 38. What is n(-14)?
10
Let y(v) = v**2 + 8*v + 8. Give y(-8).
8
Let x(y) = 22*y + 3. Calculate x(0).
3
Let z(c) = -5*c - 126. Give z(-27).
9
Let w(f) = 2*f**2 + 17*f - 6. Give w(-8).
-14
Let u(n) = -5*n**2 + 3*n - 3. Determine u(3).
-39
Let t(r) = -24*r**2 + r + 1. Determine t(1).
-22
Let x(k) = k**2 - 4*k - 3. Determine x(5).
2
Let y(i) = 190*i - 568. Calculate y(3).
2
Let f(i) = 2*i**2 + 10*i + 8. Calculate f(-6).
20
Let s(x) = x**3 - 16*x**2 + 16*x - 20. Calculate s(15).
-5
Let i(s) = -3*s**3 + 72*s**2 - s + 35. Calculate i(24).
11
Let o(c) = -3*c**2 - 41*c + 14. Calculate o(-14).
0
Let q(j) = -112*j + 345. Determine q(3).
9
Let o(a) = a**2 - 9*a - 8. Give o(12).
28
Let x(k) = -k**2 + 1. What is x(-1)?
0
Let s(a) = -4*a**2 + 7*a + 10. What is s(-5)?
-125
Let u(r) = -73*r. Calculate u(-1).
73
Let y(u) = u - 4. Calculate y(1).
-3
Let l(o) = -2*o**3 + 2*o**2 - 2. Calculate l(-3).
70
Let r(x) = -2*x**2 - 33*x - 63. Determine r(-15).
-18
Let f(j) = j**2 - 3*j - 44. Give f(0).
-44
Let g(i) = 7*i - 6. Give g(10).
64
Let u(x) = x**2 - 12*x - 5. What is u(12)?
-5
Let k(a) = -24*a - 4. Give k(0).
-4
Let g(c) = -2*c - 6. Give g(-13).
20
Let q(h) = -h**3 - 14*h**2 + 14*h - 10. Determine q(-15).
5
Let b(a) = a**3 - 5*a**2 - 3*a + 6. Calculate b(5).
-9
Let g(q) = -q - 4. Determine g(-11).
7
Let k(h) = 5*h - 10. Determine k(-9).
-55
Let r(c) = -c**3 - 4*c**2 - 3*c - 14. Determine r(-4).
-2
Let p(n) = n**3 - 4*n**2 + n + 2. Calculate p(3).
-4
Let w(p) = p**3 + 3*p**2 - 3*p + 8. Give w(-4).
4
Let t(c) = -3*c + 5. Determine t(1).
2
Let z(l) = l**3 + 6*l**2 - 18*l - 16. Give z(-8).
0
Let h(j) = 11*j**2 - 2. Give h(2).
42
Let x(y) = -y**3 + 7*y**2 - y + 79. What is x(8)?
7
Let f(x) = -x - 10. Calculate f(-5).
-5
Let r(q) = 2*q**2 - 2*q - 77. Determine r(0).
-77
Let f(d) = 3*d**2 - 33*d - 22. Give f(11).
-22
Let m(s) = -12*s - 38. Give m(-5).
22
Let t(r) = 2*r**2 - 2*r - 37. Determine t(-6).
47
Let x(g) = g**2 + 15*g - 53. Calculate x(6).
73
Let t(r) = -10*r - 1. Calculate t(2).
-21
Let y(l) = -l + 10. Calculate y(9).
1
Let a(m) = m**2 + 9*m + 23. Determine a(-11).
45
Let u(c) = 4*c**2 - 6*c. Calculate u(4).
40
Let c(q) = q**2 - 17*q + 41. What is c(9)?
-31
Let u(g) = -23*g + 430. Give u(19).
-7
Let w(i) = -i - 12. Calculate w(-6).
-6
Let t(y) = 10*y + 45. Calculate t(-5).
-5
Let q(d) = -d**3 + 13*d**2 - 13*d - 9. Calculate q(12).
-21
Let o(j) = -j + 11. What is o(12)?
-1
Let x(w) = -w**3 + 9*w**2 - 12*w - 12. What is x(7)?
2
Let v(r) = r + 15. Determine v(-12).
3
Let s(n) = 2*n + 7. Determine s(4).
15
Let n(j) = -14*j - 1. Calculate n(2).
-29
Let b(w) = 11*w - 35. Calculate b(3).
-2
Let l(y) = -2*y - 5. Calculate l(0).
-5
Let i(d) = d**2 + 18*d + 31. Give i(-16).
-1
Let m(q) = 6*q. Give m(-3).
-18
Let z(n) = 3*n**2 + 3*n + 3. Calculate z(-2).
9
Let w(k) = -k**3 + 19*k**2 + 15*k + 99. What is w(20)?
-1
Let l(d) = d + 4. What is l(6)?
10
Let h(q) = -q**2 - 15*q - 8. What is h(-12)?
28
Let c(i) = -2*i - 1. Calculate c(-3).
5
Let z(o) = -o - 33. Give z(-9).
-24
Let m(z) = 7*z**2 - 6*z + 3. Calculate m(4).
91
Let w(q) = -6*q + 14. Give w(16).
-82
Let v(n) = -3*n**3 + 23*n**2 + 12*n - 22. Calculate v(8).
10
Let j(i) = -15*i - 47. What is j(-3)?
-2
Let v(c) = -8*c**2 + 6*c - 5. What is v(1)?
-7
Let q(w) = 7*w**2 - 86*w - 85. Calculate q(-1).
8
Let i(b) = 4*b + 7. Determine i(5).
27
Let q(d) = 6*d - 61. Give q(10).
-1
Let m(v) = -v**2 - 19*v - 6. Determine m(-15).
54
Let x(s) = -s - 2. Give x(9).
-11
Let b(y) = -y**3 + 26*y**2 + 21*y + 134. Determine b(27).
-28
Let f(r) = r**2 - r + 4. What is f(4)?
16
Let x(f) = -f**3 - 3*f**2 - 3*f. What is x(-3)?
9
Let z(v) = v**2 - 18*v - 82. Determine z(-4).
6
Let j(w) = -19*w - 288. Give j(-15).
-3
Let v(z) = -2*z + 1. Give v(-1).
3
Let s(i) = -2*i + 6. Give s(5).
-4
Let u(l) = l - 50. Give u(32).
-18
Let m(k) = 8*k - 37. What is m(0)?
-37
Let r(n) = 2*n**2 + 9*n + 7. What is r(-7)?
42
Let p(a) = -195*a**2 - 3*a + 4. Determine p(1).
-194
Let f(d) = -7*d - 12. Determine f(-4).
16
Let v(f) = f**2 + 15*f + 46. Calculate v(-5).
-4
Let x(y) = 7*y - 12. Determine x(3).
9
Let i(r) = r**2 + 2*r - 2. Calculate i(-3).
1
Let c(r) = r**3 - 14*r**2 - 18*r + 30. Determine c(15).
-15
Let a(t) = -2*t**2 + 31*t + 14. Determine a(16).
-2
Let r(x) = x**2 + 11*x - 79. What is r(-16)?
1
Let w(i) = i**3 - 11*i**2 + 3*i - 4. Give w(11).
29
Let t(p) = -p**2 - 10*p - 15. Determine t(-6).
9
Let a(z) = -z**3 + 4*z**2 - z + 7. Give a(4).
3
Let u(j) = 2*j - 21. Calculate u(5).
-11
Let p(a) = -a**3 - 16. Give p(0).
-16
Let x(r) = -2*r**2 + 6*r + 4. What is x(6)?
-32
Let f(i) = 9*i**2 + 3*i - 4. Calculate f(3).
86
Let v(q) = 4*q + 8. Determine v(-6).
-16
Let c(a) = a**2 + 27. Give c(0).
27
Let a(l) = -5*l - 6. What is a(-5)?
19
Let x(u) = u**3 - 11*u**2 + 2*u + 6. What is x(8)?
-170
Let x(b) = -5*b + 28. Determine x(9).
-17
Let q(l) = 20*l + 616. Calculate q(-32).
-24
Let h(v) = v - 2. Give h(16).
14
Let g(r) = r**3 + 14*r**2 - 2*r - 20. Give g(-14).
8
Let u(r) = 2*r**3 + 15*r**2 - 14*r - 44. What is u(-8)?
4
Let w(f) = f**2 - 9*f - 6. Give w(5).
-26
Let y(o) = -o**2 - 37. Give y(0).
-37
Let k(z) = -129*z + 3. Give k(1).
-126
Let r(a) = a**2 - 10*a - 96. Calculate r(-6).
0
Let m(i) = -i**2 + 9*i - 23. Determine m(8).
-15
Let p(i) = i**3 + 3*i**2 - 12*i - 24. Calculate p(-5).
-14
Let c(v) = v**2 + 14*v + 18. Give c(-12).
-6
Let c(z) = -5*z - 3. Give c(-5).
22
Let b(t) = -4*t**2 - 98*t - 54. What is b(-24)?
-6
Let i(b) = -11*b**2 - 3*b + 2. Give i(1).
-12
Let u(k) = -k**2 + 6*k + 10. Determine u(7).
3
Let z(i) = 10*i. What is z(2)?
20
Let m(z) = z**3 + 5*z**2 + z - 18. Calculate m(-4).
-6
Let g(a) = 6*a + 89. What is g(-15)?
-1
Let l(g) = -g**3 + 9*g**2 - 3*g + 3. Determine l(6).
93
Let b(g) = -g**3 - 16*g**2 - 62*g + 13. Give b(-9).
4
Let w(y) = -2*y**3 + 17*y**2 + 8*y + 4. Calculate w(9).
-5
Let u(b) = -2*b**2 + 3*b - 2. What is u(0)?
-2
Let x(o) = 9*o**2 + 2*o + 1. What is x(-1)?
8
Let v(d) = -d**3 - 23*d**2 + d + 19. Calculate v(-23).
-4
Let c(b) = b**3 - 2*b**2 + 2*b + 13. Give c(0).
13
Let b(i) = -i**3 + 7*i**2 + 11*i - 4. What is b(-2)?
10
Let w(f) = 14*f - 2. What is w(-3)?
-44
Let l(a) = 7*a - 156. What is l(24)?
12
Let v(a) = -4*a + 18. What is v(6)?
-6
Let n(j) = -j**2 + 18*j + 32. Determine n(14).
88
